) = 2*t(j) + 11*z(j). Let d be a(0). What are the prime factors of (36/15)/(d/5)?
2, 3
Suppose 3*w + 27 = 3*g, -7 = -g + 2*w + 3. What are the prime factors of (60/(-16))/(-3)*g?
2, 5
Let o = -48 + 69. What are the prime factors of o?
3, 7
Let t = 35 + -58. Let k = -14 - t. What are the prime factors of k?
3
Suppose -8 = k - 0*k. Suppose 10 = 2*r, 2*r = 2*d + 2*d + 66. What are the prime factors of 1/((k/d)/4)?
7
Suppose -3*p = 5 - 17. Let y be 4/(-3)*(-27)/(-6). List the prime factors of y/2*p/(-4).
3
Suppose -2*k = 4, 3*s - 11 = -2*k + 18. List the prime factors of s.
11
Let v(s) = -s. Let i(j) = -6*j - 8. Let r(p) = i(p) - 2*v(p). What are the prime factors of r(-7)?
2, 5
Let v = -25 - -40. Let q be (-4)/(-6) + 95/v. Suppose -3 = -l + q. What are the prime factors of l?
2, 5
Suppose y = 2*k - 15, 15 = -7*y + 2*y. Suppose -18 = k*t - 4*t. Let h = 19 + t. List the prime factors of h.
2, 5
Let u(m) = 3*m**2 + 2*m + 1. Suppose 3*h - 9 - 6 = 0. Suppose 1 = -h*k - 9. What are the prime factors of u(k)?
3
Suppose 5*s - 3*s = -2. What are the prime factors of 6*(s/2 + 2)?
3
Let u be 3 - 4 - (-17 + 1). Suppose -5*l = 2*n - u + 66, 2*n + 7 = -l. Let t = 0 - l. List the prime factors of t.
11
Suppose 69 = -0*m + 3*m. Let x = m - -25. Let y = x + -29. What are the prime factors of y?
19
Let s(d) = -2*d. Let u be s(-3). Let m(k) = 2*k - 6. Let y be m(5). Suppose -l + y*j = -u*l + 66, 2*l = 3*j + 8. List the prime factors of l.
2, 5
What are the prime factors of (4 + -3)/((-2)/(-10))?
5
Let r(n) = -n**3 + 2*n**2 - 1. Let k be r(1). Suppose -2*a + 3 + 3 = k. What are the prime factors of 4/(-6) + 38/a?
2, 3
Let m = -7 - -8. Let r = 9 + m. List the prime factors of r.
2, 5
Let o be (8/(-6))/(3/9). Let r be (-34)/o + (-1)/2. Let p = r - 6. What are the prime factors of p?
2
Let f be ((1 - -1) + -2)/2. Suppose f = y - 3 - 1. List the prime factors of y.
2
Let i = -27 + 58. List the prime factors of i.
31
Suppose -c + 3*l = -150, -5*c + 322 = 5*l - 328. List the prime factors of c.
3, 5
Let r = 165 + -33. What are the prime factors of r?
2, 3, 11
Suppose k + 3*d = -87, -5*k - 222 = -3*d + 285. Let y = -70 - k. What are the prime factors of y?
29
Let f(n) = -2*n - 6. Let w(r) = 2. Let i(x) = 2*f(x) + 6*w(x). What are the prime factors of i(-5)?
2, 5
Let r(l) = 2*l**2. Let n be r(-1). Let k(x) = 0*x**3 - 3*x**2 + 3*x**3 + 2*x - n*x**3. What are the prime factors of k(3)?
2, 3
Let b(m) = 3*m - 2. Let x be b(2). What are the prime factors of (-44)/(-7) + x/(-14)?
2, 3
Let q(u) = u**2 + u - 1. Let p be q(-3). Suppose -3*m = 0, 3*v + 6 = -p*m + 33. What are the prime factors of v?
3
Suppose -2*c + 5 + 5 = 0. Suppose 0 = l - 0*l - c. Suppose d - l = 8. What are the prime factors of d?
13
Suppose 78 - 18 = 3*x. List the prime factors of x.
2, 5
Suppose 5*b - 8 = 4*b + x, -3*x = b - 24. Let w(l) = l**3 - 12*l**2 + 2*l - 14. What are the prime factors of w(b)?
2, 5
Let m(x) = 7*x**3 - 2*x**2 + 2*x + 1. List the prime factors of m(2).
53
Let u = 6 - 8. Let m(t) = -t + 2. Let w be m(u). Suppose w*g = g + 48. List the prime factors of g.
2
Suppose -54 = -2*s + s. What are the prime factors of s?
2, 3
Let j = 27 + -22. What are the prime factors of 48/j*(-15)/(-3)?
2, 3
Let z(h) be the second derivative of h**4/12 + h**3/6 - 5*h**2 + 2*h. Let x be z(0). Let w(o) = o**3 + 11*o**2 + 9*o - 8. What are the prime factors of w(x)?
2
What are the prime factors of 43*(-4)/(12/(-3))?
43
Let j = -8 - -12. Let l(u) = u - 1. What are the prime factors of l(j)?
3
Suppose -5*q + 4*s = -q - 776, 5*s + 10 = 0. What are the prime factors of q?
2, 3
Let t = -6 + 14. Suppose -2*p = -4*d - 54, 4*d = 8 + t. List the prime factors of p.
5, 7
Let k(s) = 11*s**2 + 11*s - 1. Let p(t) = -17*t**2 - 17*t + 1. Let w(l) = 8*k(l) + 5*p(l). What are the prime factors of w(2)?
3, 5
Let f(d) = 4*d + 3*d**2 + d**2 + 0*d - d**2 + 10. What are the prime factors of f(-4)?
2, 3, 7
Let h(s) = 2*s + 1. List the prime factors of h(4).
3
Let t be (1/2)/((-2)/28). Let k = t + 10. Suppose 4*a = 5*d - 14, 3*a + 0 - 3 = -k*d. List the prime factors of d.
2
Let c(d) = d**3 - 8*d**2 + 2*d - 2. Let k = -2 - -10. What are the prime factors of c(k)?
2, 7
Suppose -6 = -3*i + 3. Suppose -5 = -2*f + 3*f, -i*f - 11 = k. What are the prime factors of k?
2
Let t be -2 - (-37*6)/3. Suppose 0 = 4*h - 7*h + t. What are the prime factors of h?
2, 3
List the prime factors of 1/(-2)*24/(-1).
2, 3
Let h be (32/(-6))/(1/3). Let t = h + 23. What are the prime factors of 44/t + (-4)/14?
2, 3
Let m(g) = -g**3 - 3*g**2 - 5*g - 1. What are the prime factors of m(-2)?
5
Let a be (-1 - 2)/(-3)*0. Suppose 10 = -5*u, a*u - 2*u - 14 = -p. What are the prime factors of p?
2, 5
Let c(z) = -z**3 + 10*z**2 + 11*z + 5. What are the prime factors of c(11)?
5
Let y = 16 + -12. Suppose -y*h = -5*h + 17. What are the prime factors of h?
17
Let v(f) = 5*f**3 + 2*f**2 - 2*f + 2. Let y be v(2). Suppose -10*c - y = -11*c. What are the prime factors of c?
2, 23
Let n(u) = -u - 28. Let l be n(0). Let o be (l/(-1))/((-6)/(-3)). Suppose -3*g = -2*s - 26, -3*s - o = g + 2*s. List the prime factors of g.
2, 3
Suppose 79 = 4*m + 15. Suppose -13 = -3*r - k, -r - 5*k = r. Suppose -j = -r*j + m. What are the prime factors of j?
2
Suppose u - 32 = 8. Let y = 63 - u. List the prime factors of y.
23
List the prime factors of (5/5 + 228)*1.
229
Suppose u - 104 = -d, 0 = -5*d + 3*u - 4*u + 504. What are the prime factors of d?
2, 5
Suppose 0 = 14*f - 10*f - 128. What are the prime factors of f?
2
Suppose 2*x + 710 = 7*x. What are the prime factors of x?
2, 71
Suppose 2*x - 13 - 5 = 0. What are the prime factors of (-4338)/(-162) - (-2)/x?
3
Let x = -6 + 77. Suppose -2*f = -x - 23. Suppose -6*m + d = -m - f, -m + 3*d + 1 = 0. List the prime factors of m.
2, 5
Suppose -8 = 2*n - 0*r + 3*r, 0 = -5*n + 4*r + 26. Suppose f = -10 + n. Let z = 15 + f. List the prime factors of z.
7
Let x = -18 + 40. Let c = 46 - x. What are the prime factors of (c/(-15))/((-4)/10)?
2
Let x(a) = -2*a + 6*a - 3*a + 1 + 2*a**2. Let z be x(-1). Let p(l) = 2*l**3 - 4*l**2 + l + 2. List the prime factors of p(z).
2
Suppose 2*r + 7 = -3, -4*t = 5*r - 439. List the prime factors of t.
2, 29
Suppose -z = 2*z - 48. Let l = 9 - 4. Suppose -l*h + h = -z. List the prime factors of h.
2
What are the prime factors of (-2)/4 - (-387)/18?
3, 7
Let y(f) = f + 2. Let x be -1*2*(-9)/(-6). Let p be 7*(0 + x/(-3)). What are the prime factors of y(p)?
3
Let d be (-8)/28 + 46/14. Suppose -m = -5*i + 23, -d*i + 2*m = -0*i - 11. Suppose 3*a + 4*r = i*r + 12, a - 2*r + 1 = 0. List the prime factors of a.
5
Suppose -8*w = -0*w - 248. List the prime factors of w.
31
Let t = 112 + -56. List the prime factors of t.
2, 7
Let c = -3 + 5. What are the prime factors of c/(-6) - 155/(-15)?
2, 5
Let k = -372 - -659. List the prime factors of k.
7, 41
Let v = 41 + 35. List the prime factors of v.
2, 19
Let u(v) = v. Let b be u(2). Suppose b*i - 12 - 14 = 0. What are the prime factors of i?
13
Let j(x) = 4 - x + 3 + 0*x - 4. Let u be j(5). List the prime factors of (28/(-2))/u*3.
3, 7
Let j = -13 - -21. List the prime factors of j.
2
Suppose 0*i = 2*i - 12. Let g(s) = s - 3. List the prime factors of g(i).
3
What are the prime factors of -12 + 12 - 36*-5?
2, 3, 5
Let u = 3 - 1. Suppose u*t - 3*t = -6. List the prime factors of t.
2, 3
Let m(q) = -q**2 + 9*q + 4. Let o be 1/(1/(-6))*-1. Let j be m(o). Let d = j - 13. What are the prime factors of d?
3
Let p = -20 - -24. Suppose -2*a = -p*a + 88. List the prime factors of a.
2, 11
List the prime factors of (-2*1 + -180)/(8 + -9).
2, 7, 13
Let g = 173 - 89. What are the prime factors of g?
2, 3, 7
Let m be ((-35)/28)/((-1)/(-4)). What are the prime factors of (-139)/m + (-7)/(-35)?
2, 7
Let l = 132 + -114. Suppose 5*b - 3*b = 4. Suppose -l + b = -h. List the prime factors of h.
2
Suppose n + 42 = s + 2*s, -s + 2*n = -14. Let l = s - 3. What are the prime factors of l?
11
Let n be 3/(-2)*(-32)/6. Let k(j) be the third derivative of -j**6/120 + 2*j**5/15 + j**4/24 + j**3/2 - j**2. List the prime factors of k(n).
11
Suppose -3*b + 5*y + 5 = 0, b + 0*b + 3*y - 11 = 0. Let f = b + 31. What are the prime factors of f?
2, 3
Let l(q) = 6*q**2. Let v be l(1). Suppose 0 - v = -k. List the prime